{"id":24,"date":"2020-07-21T21:21:17","date_gmt":"2020-07-21T21:21:17","guid":{"rendered":"https:\/\/boxmultiespacio.com.ar\/web\/?page_id=24"},"modified":"2025-05-13T11:04:21","modified_gmt":"2025-05-13T14:04:21","slug":"inicio","status":"publish","type":"page","link":"https:\/\/boxmultiespacio.com.ar\/web\/","title":{"rendered":"inicio"},"content":{"rendered":"\t\t<div data-elementor-type=\"wp-page\" data-elementor-id=\"24\" class=\"elementor elementor-24\">\n\t\t\t\t\t\t<div class=\"elementor-inner\">\n\t\t\t\t<div class=\"elementor-section-wrap\">\n\t\t\t\t\t\t\t\t\t<section class=\"elementor-section elementor-top-section elementor-element elementor-element-53c13c5 elementor-section-boxed elementor-section-height-default elementor-section-height-default\" data-id=\"53c13c5\" data-element_type=\"section\">\n\t\t\t\t\t\t<div class=\"elementor-container elementor-column-gap-default\">\n\t\t\t\t\t\t\t<div class=\"elementor-row\">\n\t\t\t\t\t<div class=\"elementor-column elementor-col-100 elementor-top-column elementor-element elementor-element-87d4de3\" data-id=\"87d4de3\" data-element_type=\"column\">\n\t\t\t<div class=\"elementor-column-wrap elementor-element-populated\">\n\t\t\t\t\t\t\t<div class=\"elementor-widget-wrap\">\n\t\t\t\t\t\t<div class=\"elementor-element elementor-element-a2f0f6e elementor-widget elementor-widget-spacer\" data-id=\"a2f0f6e\" data-element_type=\"widget\" data-widget_type=\"spacer.default\">\n\t\t\t\t<div class=\"elementor-widget-container\">\n\t\t\t\t\t<div class=\"elementor-spacer\">\n\t\t\t<div class=\"elementor-spacer-inner\"><\/div>\n\t\t<\/div>\n\t\t\t\t<\/div>\n\t\t\t\t<\/div>\n\t\t\t\t\t\t<\/div>\n\t\t\t\t\t<\/div>\n\t\t<\/div>\n\t\t\t\t\t\t\t\t<\/div>\n\t\t\t\t\t<\/div>\n\t\t<\/section>\n\t\t\t\t<section class=\"elementor-section elementor-top-section elementor-element elementor-element-99df970 elementor-section-boxed elementor-section-height-default elementor-section-height-default elementor-invisible\" data-id=\"99df970\" data-element_type=\"section\" data-settings=\"{&quot;animation&quot;:&quot;fadeIn&quot;}\">\n\t\t\t\t\t\t<div class=\"elementor-container elementor-column-gap-default\">\n\t\t\t\t\t\t\t<div class=\"elementor-row\">\n\t\t\t\t\t<div class=\"elementor-column elementor-col-100 elementor-top-column elementor-element elementor-element-0de013e\" data-id=\"0de013e\" data-element_type=\"column\">\n\t\t\t<div class=\"elementor-column-wrap elementor-element-populated\">\n\t\t\t\t\t\t\t<div class=\"elementor-widget-wrap\">\n\t\t\t\t\t\t<div class=\"elementor-element elementor-element-8b6ee83 elementor-widget elementor-widget-image\" data-id=\"8b6ee83\" data-element_type=\"widget\" data-widget_type=\"image.default\">\n\t\t\t\t<div class=\"elementor-widget-container\">\n\t\t\t\t\t\t\t\t<div class=\"elementor-image\">\n\t\t\t\t\t\t\t\t\t\t\t\t<img decoding=\"async\" width=\"1024\" height=\"1024\" src=\"https:\/\/boxmultiespacio.com.ar\/web\/wp-content\/uploads\/2021\/05\/logo_box2021.svg\" class=\"attachment-large size-large wp-image-106\" alt=\"\" loading=\"lazy\" srcset=\"https:\/\/boxmultiespacio.com.ar\/web\/wp-content\/uploads\/\/2021\/05\/logo_box2021.svg 150w, https:\/\/boxmultiespacio.com.ar\/web\/wp-content\/uploads\/\/2021\/05\/logo_box2021.svg 300w, https:\/\/boxmultiespacio.com.ar\/web\/wp-content\/uploads\/\/2021\/05\/logo_box2021.svg 1024w\" sizes=\"(max-width: 1024px) 100vw, 1024px\" \/>\t\t\t\t\t\t\t\t\t\t\t\t\t\t<\/div>\n\t\t\t\t\t\t<\/div>\n\t\t\t\t<\/div>\n\t\t\t\t\t\t<\/div>\n\t\t\t\t\t<\/div>\n\t\t<\/div>\n\t\t\t\t\t\t\t\t<\/div>\n\t\t\t\t\t<\/div>\n\t\t<\/section>\n\t\t\t\t<section class=\"elementor-section elementor-top-section elementor-element elementor-element-edc0626 elementor-section-boxed elementor-section-height-default elementor-section-height-default\" data-id=\"edc0626\" data-element_type=\"section\">\n\t\t\t\t\t\t<div class=\"elementor-container elementor-column-gap-default\">\n\t\t\t\t\t\t\t<div class=\"elementor-row\">\n\t\t\t\t\t<div class=\"elementor-column elementor-col-100 elementor-top-column elementor-element elementor-element-d10422a\" data-id=\"d10422a\" data-element_type=\"column\">\n\t\t\t<div class=\"elementor-column-wrap elementor-element-populated\">\n\t\t\t\t\t\t\t<div class=\"elementor-widget-wrap\">\n\t\t\t\t\t\t<div class=\"elementor-element elementor-element-21fd3e3 elementor-widget elementor-widget-spacer\" data-id=\"21fd3e3\" data-element_type=\"widget\" data-widget_type=\"spacer.default\">\n\t\t\t\t<div class=\"elementor-widget-container\">\n\t\t\t\t\t<div class=\"elementor-spacer\">\n\t\t\t<div class=\"elementor-spacer-inner\"><\/div>\n\t\t<\/div>\n\t\t\t\t<\/div>\n\t\t\t\t<\/div>\n\t\t\t\t\t\t<\/div>\n\t\t\t\t\t<\/div>\n\t\t<\/div>\n\t\t\t\t\t\t\t\t<\/div>\n\t\t\t\t\t<\/div>\n\t\t<\/section>\n\t\t\t\t<section class=\"elementor-section elementor-top-section elementor-element elementor-element-aaff738 elementor-section-boxed elementor-section-height-default elementor-section-height-default\" data-id=\"aaff738\" data-element_type=\"section\">\n\t\t\t\t\t\t<div class=\"elementor-container elementor-column-gap-default\">\n\t\t\t\t\t\t\t<div class=\"elementor-row\">\n\t\t\t\t\t<div class=\"elementor-column elementor-col-50 elementor-top-column elementor-element elementor-element-9864a5d\" data-id=\"9864a5d\" data-element_type=\"column\">\n\t\t\t<div class=\"elementor-column-wrap elementor-element-populated\">\n\t\t\t\t\t\t\t<div class=\"elementor-widget-wrap\">\n\t\t\t\t\t\t<div class=\"elementor-element elementor-element-694f92b elementor-invisible elementor-widget elementor-widget-image\" data-id=\"694f92b\" data-element_type=\"widget\" data-settings=\"{&quot;_animation&quot;:&quot;fadeInLeft&quot;,&quot;_animation_delay&quot;:300}\" data-widget_type=\"image.default\">\n\t\t\t\t<div class=\"elementor-widget-container\">\n\t\t\t\t\t\t\t\t<div class=\"elementor-image\">\n\t\t\t\t\t\t\t\t\t\t\t\t<img decoding=\"async\" width=\"1024\" height=\"1024\" src=\"https:\/\/boxmultiespacio.com.ar\/web\/wp-content\/uploads\/2020\/07\/logo_box.svg\" class=\"attachment-large size-large wp-image-39\" alt=\"\" loading=\"lazy\" srcset=\"https:\/\/boxmultiespacio.com.ar\/web\/wp-content\/uploads\/\/2020\/07\/logo_box.svg 150w, https:\/\/boxmultiespacio.com.ar\/web\/wp-content\/uploads\/\/2020\/07\/logo_box.svg 300w, https:\/\/boxmultiespacio.com.ar\/web\/wp-content\/uploads\/\/2020\/07\/logo_box.svg 1024w\" sizes=\"(max-width: 1024px) 100vw, 1024px\" \/>\t\t\t\t\t\t\t\t\t\t\t\t\t\t<\/div>\n\t\t\t\t\t\t<\/div>\n\t\t\t\t<\/div>\n\t\t\t\t\t\t<\/div>\n\t\t\t\t\t<\/div>\n\t\t<\/div>\n\t\t\t\t<div class=\"elementor-column elementor-col-50 elementor-top-column elementor-element elementor-element-ac57f13\" data-id=\"ac57f13\" data-element_type=\"column\">\n\t\t\t<div class=\"elementor-column-wrap elementor-element-populated\">\n\t\t\t\t\t\t\t<div class=\"elementor-widget-wrap\">\n\t\t\t\t\t\t<div class=\"elementor-element elementor-element-3531f1c elementor-invisible elementor-widget elementor-widget-image\" data-id=\"3531f1c\" data-element_type=\"widget\" data-settings=\"{&quot;_animation&quot;:&quot;fadeInRight&quot;,&quot;_animation_delay&quot;:300}\" data-widget_type=\"image.default\">\n\t\t\t\t<div class=\"elementor-widget-container\">\n\t\t\t\t\t\t\t\t<div class=\"elementor-image\">\n\t\t\t\t\t\t\t\t\t\t\t\t<img decoding=\"async\" width=\"1024\" height=\"1024\" src=\"https:\/\/boxmultiespacio.com.ar\/web\/wp-content\/uploads\/2020\/07\/logo_shaky.svg\" class=\"attachment-large size-large wp-image-40\" alt=\"\" loading=\"lazy\" srcset=\"https:\/\/boxmultiespacio.com.ar\/web\/wp-content\/uploads\/\/2020\/07\/logo_shaky.svg 150w, https:\/\/boxmultiespacio.com.ar\/web\/wp-content\/uploads\/\/2020\/07\/logo_shaky.svg 300w, https:\/\/boxmultiespacio.com.ar\/web\/wp-content\/uploads\/\/2020\/07\/logo_shaky.svg 1024w\" sizes=\"(max-width: 1024px) 100vw, 1024px\" \/>\t\t\t\t\t\t\t\t\t\t\t\t\t\t<\/div>\n\t\t\t\t\t\t<\/div>\n\t\t\t\t<\/div>\n\t\t\t\t\t\t<\/div>\n\t\t\t\t\t<\/div>\n\t\t<\/div>\n\t\t\t\t\t\t\t\t<\/div>\n\t\t\t\t\t<\/div>\n\t\t<\/section>\n\t\t\t\t<section class=\"elementor-section elementor-top-section elementor-element elementor-element-26d750e elementor-section-boxed elementor-section-height-default elementor-section-height-default elementor-invisible\" data-id=\"26d750e\" data-element_type=\"section\" data-settings=\"{&quot;animation&quot;:&quot;fadeInUp&quot;,&quot;animation_delay&quot;:900}\">\n\t\t\t\t\t\t<div class=\"elementor-container elementor-column-gap-no\">\n\t\t\t\t\t\t\t<div class=\"elementor-row\">\n\t\t\t\t\t<div class=\"elementor-column elementor-col-100 elementor-top-column elementor-element elementor-element-c4f3cb2\" data-id=\"c4f3cb2\" data-element_type=\"column\">\n\t\t\t<div class=\"elementor-column-wrap elementor-element-populated\">\n\t\t\t\t\t\t\t<div class=\"elementor-widget-wrap\">\n\t\t\t\t\t\t<div class=\"elementor-element elementor-element-44db1f4 elementor-widget elementor-widget-heading\" data-id=\"44db1f4\" data-element_type=\"widget\" data-widget_type=\"heading.default\">\n\t\t\t\t<div class=\"elementor-widget-container\">\n\t\t\t<h2 class=\"elementor-heading-title elementor-size-default\">The Box Disco Multiespacio &amp; Shaky Bar and Pub<\/h2>\t\t<\/div>\n\t\t\t\t<\/div>\n\t\t\t\t<div class=\"elementor-element elementor-element-912ee0b elementor-widget elementor-widget-heading\" data-id=\"912ee0b\" data-element_type=\"widget\" data-widget_type=\"heading.default\">\n\t\t\t\t<div class=\"elementor-widget-container\">\n\t\t\t<h2 class=\"elementor-heading-title elementor-size-default\">Avenida General San Martin 313 - Marcos Paz<\/h2>\t\t<\/div>\n\t\t\t\t<\/div>\n\t\t\t\t\t\t<\/div>\n\t\t\t\t\t<\/div>\n\t\t<\/div>\n\t\t\t\t\t\t\t\t<\/div>\n\t\t\t\t\t<\/div>\n\t\t<\/section>\n\t\t\t\t<section class=\"elementor-section elementor-top-section elementor-element elementor-element-3b1c3bf elementor-section-boxed elementor-section-height-default elementor-section-height-default\" data-id=\"3b1c3bf\" data-element_type=\"section\">\n\t\t\t\t\t\t<div class=\"elementor-container elementor-column-gap-default\">\n\t\t\t\t\t\t\t<div class=\"elementor-row\">\n\t\t\t\t\t<div class=\"elementor-column elementor-col-100 elementor-top-column elementor-element elementor-element-061bfb0\" data-id=\"061bfb0\" data-element_type=\"column\">\n\t\t\t<div class=\"elementor-column-wrap elementor-element-populated\">\n\t\t\t\t\t\t\t<div class=\"elementor-widget-wrap\">\n\t\t\t\t\t\t<div class=\"elementor-element elementor-element-7222c29 elementor-widget elementor-widget-spacer\" data-id=\"7222c29\" data-element_type=\"widget\" data-widget_type=\"spacer.default\">\n\t\t\t\t<div class=\"elementor-widget-container\">\n\t\t\t\t\t<div class=\"elementor-spacer\">\n\t\t\t<div class=\"elementor-spacer-inner\"><\/div>\n\t\t<\/div>\n\t\t\t\t<\/div>\n\t\t\t\t<\/div>\n\t\t\t\t\t\t<\/div>\n\t\t\t\t\t<\/div>\n\t\t<\/div>\n\t\t\t\t\t\t\t\t<\/div>\n\t\t\t\t\t<\/div>\n\t\t<\/section>\n\t\t\t\t<section class=\"elementor-section elementor-top-section elementor-element elementor-element-c096cc6 elementor-section-boxed elementor-section-height-default elementor-section-height-default elementor-invisible\" data-id=\"c096cc6\" data-element_type=\"section\" data-settings=\"{&quot;animation&quot;:&quot;bounceIn&quot;,&quot;animation_delay&quot;:1200}\">\n\t\t\t\t\t\t<div class=\"elementor-container elementor-column-gap-default\">\n\t\t\t\t\t\t\t<div class=\"elementor-row\">\n\t\t\t\t\t<div class=\"elementor-column elementor-col-50 elementor-top-column elementor-element elementor-element-2cab6d2\" data-id=\"2cab6d2\" data-element_type=\"column\">\n\t\t\t<div class=\"elementor-column-wrap elementor-element-populated\">\n\t\t\t\t\t\t\t<div class=\"elementor-widget-wrap\">\n\t\t\t\t\t\t<div class=\"elementor-element elementor-element-5fd4095 elementor-align-right elementor-widget__width-initial elementor-widget elementor-widget-lottie\" data-id=\"5fd4095\" data-element_type=\"widget\" data-settings=\"{&quot;source&quot;:&quot;external_url&quot;,&quot;source_external_url&quot;:{&quot;url&quot;:&quot;https:\\\/\\\/assets2.lottiefiles.com\\\/private_files\\\/lf30_k2RVBb.json&quot;,&quot;is_external&quot;:&quot;&quot;,&quot;nofollow&quot;:&quot;&quot;,&quot;custom_attributes&quot;:&quot;&quot;},&quot;loop&quot;:&quot;yes&quot;,&quot;link_to&quot;:&quot;none&quot;,&quot;trigger&quot;:&quot;arriving_to_viewport&quot;,&quot;viewport&quot;:{&quot;unit&quot;:&quot;%&quot;,&quot;size&quot;:&quot;&quot;,&quot;sizes&quot;:{&quot;start&quot;:0,&quot;end&quot;:100}},&quot;play_speed&quot;:{&quot;unit&quot;:&quot;px&quot;,&quot;size&quot;:1,&quot;sizes&quot;:[]},&quot;start_point&quot;:{&quot;unit&quot;:&quot;%&quot;,&quot;size&quot;:&quot;0&quot;,&quot;sizes&quot;:[]},&quot;end_point&quot;:{&quot;unit&quot;:&quot;%&quot;,&quot;size&quot;:&quot;100&quot;,&quot;sizes&quot;:[]},&quot;renderer&quot;:&quot;svg&quot;}\" data-widget_type=\"lottie.default\">\n\t\t\t\t<div class=\"elementor-widget-container\">\n\t\t\t<div class=\"e-lottie__container\"><div class=\"e-lottie__animation\"><\/div><\/div>\t\t<\/div>\n\t\t\t\t<\/div>\n\t\t\t\t\t\t<\/div>\n\t\t\t\t\t<\/div>\n\t\t<\/div>\n\t\t\t\t<div class=\"elementor-column elementor-col-50 elementor-top-column elementor-element elementor-element-f35ece3\" data-id=\"f35ece3\" data-element_type=\"column\">\n\t\t\t<div class=\"elementor-column-wrap elementor-element-populated\">\n\t\t\t\t\t\t\t<div class=\"elementor-widget-wrap\">\n\t\t\t\t\t\t<div class=\"elementor-element elementor-element-e9eccf2 elementor-widget elementor-widget-heading\" data-id=\"e9eccf2\" data-element_type=\"widget\" data-widget_type=\"heading.default\">\n\t\t\t\t<div class=\"elementor-widget-container\">\n\t\t\t<h2 class=\"elementor-heading-title elementor-size-default\">Radio Merlo<\/h2>\t\t<\/div>\n\t\t\t\t<\/div>\n\t\t\t\t<div class=\"elementor-element elementor-element-020959c elementor-widget elementor-widget-html\" data-id=\"020959c\" data-element_type=\"widget\" data-widget_type=\"html.default\">\n\t\t\t\t<div class=\"elementor-widget-container\">\n\t\t\t<audio id=\"stream\" controls style=\"width: 100%;\">\r\n<source src=\"\r\nhttps:\/\/ohradio.cc\/8316\/stream\" type=\"audio\/mpeg\">\r\n\r\n\r\n\r\n<\/audio>\r\n\r\n\r\n\r\n\r\n\r\n\t\t\t\t\t\t\t<\/div>\n\t\t\t\t<\/div>\n\t\t\t\t<div class=\"elementor-element elementor-element-e86f035 elementor-widget elementor-widget-heading\" data-id=\"e86f035\" data-element_type=\"widget\" data-widget_type=\"heading.default\">\n\t\t\t\t<div class=\"elementor-widget-container\">\n\t\t\t<h2 class=\"elementor-heading-title elementor-size-default\">Radio Marcos Paz<\/h2>\t\t<\/div>\n\t\t\t\t<\/div>\n\t\t\t\t<div class=\"elementor-element elementor-element-c921fd5 elementor-widget elementor-widget-html\" data-id=\"c921fd5\" data-element_type=\"widget\" data-widget_type=\"html.default\">\n\t\t\t\t<div class=\"elementor-widget-container\">\n\t\t\t<audio id=\"stream\" controls style=\"width: 100%;\">\r\n<source src=\"\r\nhttps:\/\/ohradio.cc\/8052\/stream\" type=\"audio\/mpeg\">\r\n\r\n\r\n\r\n<\/audio>\r\n\r\n\r\n\r\n\r\n\r\n\t\t\t\t\t\t\t<\/div>\n\t\t\t\t<\/div>\n\t\t\t\t\t\t<\/div>\n\t\t\t\t\t<\/div>\n\t\t<\/div>\n\t\t\t\t\t\t\t\t<\/div>\n\t\t\t\t\t<\/div>\n\t\t<\/section>\n\t\t\t\t<section class=\"elementor-section elementor-top-section elementor-element elementor-element-0496dc7 elementor-section-boxed elementor-section-height-default elementor-section-height-default\" data-id=\"0496dc7\" data-element_type=\"section\">\n\t\t\t\t\t\t<div class=\"elementor-container elementor-column-gap-default\">\n\t\t\t\t\t\t\t<div class=\"elementor-row\">\n\t\t\t\t\t<div class=\"elementor-column elementor-col-100 elementor-top-column elementor-element elementor-element-c977d37\" data-id=\"c977d37\" data-element_type=\"column\">\n\t\t\t<div class=\"elementor-column-wrap elementor-element-populated\">\n\t\t\t\t\t\t\t<div class=\"elementor-widget-wrap\">\n\t\t\t\t\t\t<div class=\"elementor-element elementor-element-745aeb7 elementor-widget elementor-widget-spacer\" data-id=\"745aeb7\" data-element_type=\"widget\" data-widget_type=\"spacer.default\">\n\t\t\t\t<div class=\"elementor-widget-container\">\n\t\t\t\t\t<div class=\"elementor-spacer\">\n\t\t\t<div class=\"elementor-spacer-inner\"><\/div>\n\t\t<\/div>\n\t\t\t\t<\/div>\n\t\t\t\t<\/div>\n\t\t\t\t\t\t<\/div>\n\t\t\t\t\t<\/div>\n\t\t<\/div>\n\t\t\t\t\t\t\t\t<\/div>\n\t\t\t\t\t<\/div>\n\t\t<\/section>\n\t\t\t\t\t\t\t\t\t<\/div>\n\t\t\t<\/div>\n\t\t\t\t\t<\/div>\n\t\t","protected":false},"excerpt":{"rendered":"<p>The Box Disco Multiespacio &amp; Shaky Bar and Pub Avenida General San Martin 313 &#8211; Marcos Paz Radio Merlo Radio Marcos Paz<\/p>\n","protected":false},"author":1,"featured_media":0,"parent":0,"menu_order":0,"comment_status":"closed","ping_status":"closed","template":"","meta":[],"yoast_head":"<!-- This site is optimized with the Yoast SEO plugin v20.8 - https:\/\/yoast.com\/wordpress\/plugins\/seo\/ -->\n<title>Box Multiespacio<\/title>\n<meta name=\"description\" content=\"Sitio Oficial de BoxMultiespacio, Shaky Bar&amp;Pub | Box Radio con la mejor m\u00fasica transmitiendo en vivo las 24 horas los 365 d\u00edas del a\u00f1o!\" \/>\n<meta name=\"robots\" content=\"index, follow, max-snippet:-1, max-image-preview:large, max-video-preview:-1\" \/>\n<link rel=\"canonical\" href=\"https:\/\/boxmultiespacio.com.ar\/web\/\" \/>\n<meta property=\"og:locale\" content=\"es_ES\" \/>\n<meta property=\"og:type\" content=\"article\" \/>\n<meta property=\"og:title\" content=\"Box Multiespacio\" \/>\n<meta property=\"og:description\" content=\"Sitio Oficial de BoxMultiespacio, Shaky Bar&amp;Pub | Box Radio con la mejor m\u00fasica transmitiendo en vivo las 24 horas.\" \/>\n<meta property=\"og:url\" content=\"https:\/\/boxmultiespacio.com.ar\/web\/\" \/>\n<meta property=\"og:site_name\" content=\"Box Multiespacio\" \/>\n<meta property=\"article:modified_time\" content=\"2025-05-13T14:04:21+00:00\" \/>\n<meta property=\"og:image\" content=\"https:\/\/boxmultiespacio.com.ar\/web\/wp-content\/uploads\/2020\/07\/logo_radio.png\" \/>\n\t<meta property=\"og:image:width\" content=\"1600\" \/>\n\t<meta property=\"og:image:height\" content=\"1600\" \/>\n\t<meta property=\"og:image:type\" content=\"image\/png\" \/>\n<meta name=\"twitter:card\" content=\"summary_large_image\" \/>\n<meta name=\"twitter:label1\" content=\"Tiempo de lectura\" \/>\n\t<meta name=\"twitter:data1\" content=\"1 minuto\" \/>\n<script type=\"application\/ld+json\" class=\"yoast-schema-graph\">{\"@context\":\"https:\/\/schema.org\",\"@graph\":[{\"@type\":\"WebPage\",\"@id\":\"https:\/\/boxmultiespacio.com.ar\/web\/\",\"url\":\"https:\/\/boxmultiespacio.com.ar\/web\/\",\"name\":\"Box Multiespacio\",\"isPartOf\":{\"@id\":\"https:\/\/boxmultiespacio.com.ar\/web\/#website\"},\"datePublished\":\"2020-07-21T21:21:17+00:00\",\"dateModified\":\"2025-05-13T14:04:21+00:00\",\"description\":\"Sitio Oficial de BoxMultiespacio, Shaky Bar&Pub | Box Radio con la mejor m\u00fasica transmitiendo en vivo las 24 horas los 365 d\u00edas del a\u00f1o!\",\"breadcrumb\":{\"@id\":\"https:\/\/boxmultiespacio.com.ar\/web\/#breadcrumb\"},\"inLanguage\":\"es\",\"potentialAction\":[{\"@type\":\"ReadAction\",\"target\":[\"https:\/\/boxmultiespacio.com.ar\/web\/\"]}]},{\"@type\":\"BreadcrumbList\",\"@id\":\"https:\/\/boxmultiespacio.com.ar\/web\/#breadcrumb\",\"itemListElement\":[{\"@type\":\"ListItem\",\"position\":1,\"name\":\"Portada\",\"item\":\"https:\/\/boxmultiespacio.com.ar\/web\/\"},{\"@type\":\"ListItem\",\"position\":2,\"name\":\"inicio\"}]},{\"@type\":\"WebSite\",\"@id\":\"https:\/\/boxmultiespacio.com.ar\/web\/#website\",\"url\":\"https:\/\/boxmultiespacio.com.ar\/web\/\",\"name\":\"Box Multiespacio\",\"description\":\"Box Multiespacio\",\"potentialAction\":[{\"@type\":\"SearchAction\",\"target\":{\"@type\":\"EntryPoint\",\"urlTemplate\":\"https:\/\/boxmultiespacio.com.ar\/web\/?s={search_term_string}\"},\"query-input\":\"required name=search_term_string\"}],\"inLanguage\":\"es\"}]}<\/script>\n<!-- \/ Yoast SEO plugin. -->","yoast_head_json":{"title":"Box Multiespacio","description":"Sitio Oficial de BoxMultiespacio, Shaky Bar&Pub | Box Radio con la mejor m\u00fasica transmitiendo en vivo las 24 horas los 365 d\u00edas del a\u00f1o!","robots":{"index":"index","follow":"follow","max-snippet":"max-snippet:-1","max-image-preview":"max-image-preview:large","max-video-preview":"max-video-preview:-1"},"canonical":"https:\/\/boxmultiespacio.com.ar\/web\/","og_locale":"es_ES","og_type":"article","og_title":"Box Multiespacio","og_description":"Sitio Oficial de BoxMultiespacio, Shaky Bar&Pub | Box Radio con la mejor m\u00fasica transmitiendo en vivo las 24 horas.","og_url":"https:\/\/boxmultiespacio.com.ar\/web\/","og_site_name":"Box Multiespacio","article_modified_time":"2025-05-13T14:04:21+00:00","og_image":[{"width":1600,"height":1600,"url":"https:\/\/boxmultiespacio.com.ar\/web\/wp-content\/uploads\/2020\/07\/logo_radio.png","type":"image\/png"}],"twitter_card":"summary_large_image","twitter_misc":{"Tiempo de lectura":"1 minuto"},"schema":{"@context":"https:\/\/schema.org","@graph":[{"@type":"WebPage","@id":"https:\/\/boxmultiespacio.com.ar\/web\/","url":"https:\/\/boxmultiespacio.com.ar\/web\/","name":"Box Multiespacio","isPartOf":{"@id":"https:\/\/boxmultiespacio.com.ar\/web\/#website"},"datePublished":"2020-07-21T21:21:17+00:00","dateModified":"2025-05-13T14:04:21+00:00","description":"Sitio Oficial de BoxMultiespacio, Shaky Bar&Pub | Box Radio con la mejor m\u00fasica transmitiendo en vivo las 24 horas los 365 d\u00edas del a\u00f1o!","breadcrumb":{"@id":"https:\/\/boxmultiespacio.com.ar\/web\/#breadcrumb"},"inLanguage":"es","potentialAction":[{"@type":"ReadAction","target":["https:\/\/boxmultiespacio.com.ar\/web\/"]}]},{"@type":"BreadcrumbList","@id":"https:\/\/boxmultiespacio.com.ar\/web\/#breadcrumb","itemListElement":[{"@type":"ListItem","position":1,"name":"Portada","item":"https:\/\/boxmultiespacio.com.ar\/web\/"},{"@type":"ListItem","position":2,"name":"inicio"}]},{"@type":"WebSite","@id":"https:\/\/boxmultiespacio.com.ar\/web\/#website","url":"https:\/\/boxmultiespacio.com.ar\/web\/","name":"Box Multiespacio","description":"Box Multiespacio","potentialAction":[{"@type":"SearchAction","target":{"@type":"EntryPoint","urlTemplate":"https:\/\/boxmultiespacio.com.ar\/web\/?s={search_term_string}"},"query-input":"required name=search_term_string"}],"inLanguage":"es"}]}},"_links":{"self":[{"href":"https:\/\/boxmultiespacio.com.ar\/web\/wp-json\/wp\/v2\/pages\/24"}],"collection":[{"href":"https:\/\/boxmultiespacio.com.ar\/web\/wp-json\/wp\/v2\/pages"}],"about":[{"href":"https:\/\/boxmultiespacio.com.ar\/web\/wp-json\/wp\/v2\/types\/page"}],"author":[{"embeddable":true,"href":"https:\/\/boxmultiespacio.com.ar\/web\/wp-json\/wp\/v2\/users\/1"}],"replies":[{"embeddable":true,"href":"https:\/\/boxmultiespacio.com.ar\/web\/wp-json\/wp\/v2\/comments?post=24"}],"version-history":[{"count":53,"href":"https:\/\/boxmultiespacio.com.ar\/web\/wp-json\/wp\/v2\/pages\/24\/revisions"}],"predecessor-version":[{"id":190,"href":"https:\/\/boxmultiespacio.com.ar\/web\/wp-json\/wp\/v2\/pages\/24\/revisions\/190"}],"wp:attachment":[{"href":"https:\/\/boxmultiespacio.com.ar\/web\/wp-json\/wp\/v2\/media?parent=24"}],"curies":[{"name":"wp","href":"https:\/\/api.w.org\/{rel}","templated":true}]}}